{"id":3,"date":"2026-01-21T16:01:30","date_gmt":"2026-01-21T16:01:30","guid":{"rendered":"https:\/\/malt.pt\/?page_id=3"},"modified":"2026-02-02T12:11:30","modified_gmt":"2026-02-02T12:11:30","slug":"politica-privacidade","status":"publish","type":"page","link":"https:\/\/malt.pt\/?page_id=3","title":{"rendered":""},"content":{"rendered":"\t\t<div data-elementor-type=\"wp-page\" data-elementor-id=\"3\" class=\"elementor elementor-3\">\n\t\t\t\t<div class=\"elementor-element elementor-element-c4e5bbd e-flex e-con-boxed e-con e-parent\" data-id=\"c4e5bbd\" data-element_type=\"container\" data-e-type=\"container\">\n\t\t\t\t\t<div class=\"e-con-inner\">\n\t\t\t\t<div class=\"elementor-element elementor-element-dcd2540 elementor-widget-divider--view-line elementor-widget elementor-widget-divider\" data-id=\"dcd2540\" data-element_type=\"widget\" data-e-type=\"widget\" data-widget_type=\"divider.default\">\n\t\t\t\t\t\t\t<div class=\"elementor-divider\">\n\t\t\t<span class=\"elementor-divider-separator\">\n\t\t\t\t\t\t<\/span>\n\t\t<\/div>\n\t\t\t\t\t\t<\/div>\n\t\t\t\t\t<\/div>\n\t\t\t\t<\/div>\n\t\t<div class=\"elementor-element elementor-element-3be03a0 e-flex e-con-boxed e-con e-parent\" data-id=\"3be03a0\" data-element_type=\"container\" data-e-type=\"container\">\n\t\t\t\t\t<div class=\"e-con-inner\">\n\t\t\t\t<div class=\"elementor-element elementor-element-ffff180 elementor-widget elementor-widget-heading\" data-id=\"ffff180\" data-element_type=\"widget\" data-e-type=\"widget\" data-widget_type=\"heading.default\">\n\t\t\t\t\t<h3 class=\"elementor-heading-title elementor-size-default\">POL\u00cdTICA DE PRIVACIDADE<\/h3>\t\t\t\t<\/div>\n\t\t\t\t\t<\/div>\n\t\t\t\t<\/div>\n\t\t<div class=\"elementor-element elementor-element-1fc5e019 e-flex e-con-boxed e-con e-parent\" data-id=\"1fc5e019\" data-element_type=\"container\" data-e-type=\"container\">\n\t\t\t\t\t<div class=\"e-con-inner\">\n\t\t\t\t<div class=\"elementor-element elementor-element-321ade90 elementor-widget elementor-widget-text-editor\" data-id=\"321ade90\" data-element_type=\"widget\" data-e-type=\"widget\" data-widget_type=\"text-editor.default\">\n\t\t\t\t\t\t\t\t\t\n<div class=\"elementor-element elementor-element-afe2a95 e-flex e-con-boxed e-con e-parent e-lazyloaded\" data-id=\"afe2a95\" data-element_type=\"container\">\n<div class=\"e-con-inner\"><span style=\"font-size: 16px;\">A MALT assume o compromisso de garantir a prote\u00e7\u00e3o de todos os dados pessoais que lhe sejam disponibilizados. Neste sentido, foram adotadas diversas medidas de seguran\u00e7a, de car\u00e1cter t\u00e9cnico e organizativo, de forma a proteger os dados pessoais que nos s\u00e3o disponibilizados, contra qualquer forma de tratamento il\u00edcito. Caso n\u00e3o concorde com os termos abaixo n\u00e3o dever\u00e1 aceder, visualizar ou inserir dados neste website.<\/span><\/div>\n<\/div>\n<div class=\"elementor-element elementor-element-26e9668a e-flex e-con-boxed e-con e-parent e-lazyloaded\" data-id=\"26e9668a\" data-element_type=\"container\">\n<div class=\"e-con-inner\">\n<p class=\"elementor-element elementor-element-6eff263a elementor-widget elementor-widget-text-editor\" data-id=\"6eff263a\" data-element_type=\"widget\" data-widget_type=\"text-editor.default\">Todos os conte\u00fados e informa\u00e7\u00e3o disponibilizada pertencem exclusivamente \u00e0 MALT e aos seus clientes. \u00c9 proibida qualquer c\u00f3pia, reprodu\u00e7\u00e3o, modifica\u00e7\u00e3o ou publica\u00e7\u00e3o do conte\u00fado deste site. Esta Pol\u00edtica de Privacidade aplica-se exclusivamente ao tratamento de dados pessoais pela MALT, recolhidos atrav\u00e9s do seu site, eventos, a\u00e7\u00f5es comerciais e promocionais.<br \/><strong><br \/>Informa\u00e7\u00f5es que coletamos<br \/><\/strong>Coletamos diferentes tipos de informa\u00e7\u00f5es para diversas finalidades, a fim de fornecer e melhorar o nosso servi\u00e7o:<br \/>Informa\u00e7\u00f5es Pessoais: Nome, endere\u00e7o de e-mail, n\u00famero de telefone, endere\u00e7o, etc.<br \/>Dados de Uso: Informa\u00e7\u00f5es sobre como voc\u00ea acessa e utiliza o site, incluindo o tipo de dispositivo, navegador, endere\u00e7o IP, p\u00e1ginas visitadas, tempo gasto nas p\u00e1ginas, e outras estat\u00edsticas.<br \/><br \/><strong>Uso de informa\u00e7\u00f5es<\/strong><br \/>Usamos as informa\u00e7\u00f5es coletadas para diversas finalidades:Fornecer e manter o nosso servi\u00e7o.<br \/>Notificar sobre mudan\u00e7as no nosso servi\u00e7o.<br \/>Permitir que voc\u00ea participe de funcionalidades interativas do nosso servi\u00e7o.<br \/>Oferecer suporte ao cliente.<br \/>Coletar an\u00e1lises ou informa\u00e7\u00f5es valiosas para melhorar o nosso servi\u00e7o.<br \/>Monitorar o uso do nosso servi\u00e7o.<br \/>Detectar, prevenir e resolver problemas t\u00e9cnicos.<br \/>Enviar newsletters, materiais promocionais e outras informa\u00e7\u00f5es que possam ser do seu interesse.<\/p>\n<p class=\"elementor-element elementor-element-6eff263a elementor-widget elementor-widget-text-editor\" data-id=\"6eff263a\" data-element_type=\"widget\" data-widget_type=\"text-editor.default\"><br \/><strong>Compartilhamento de informa\u00e7\u00f5es<\/strong><br \/>N\u00e3o vendemos, trocamos ou transferimos para terceiros as suas informa\u00e7\u00f5es pessoais, exceto para os fins descritos nesta pol\u00edtica. Podemos compartilhar suas informa\u00e7\u00f5es com:<br \/>Prestadores de servi\u00e7os que auxiliam na opera\u00e7\u00e3o do nosso site e servi\u00e7o.<br \/>Cumprimento de obriga\u00e7\u00f5es legais.<br \/>Prote\u00e7\u00e3o e defesa dos direitos ou propriedade da CYGNUS.<br \/>Preven\u00e7\u00e3o ou investiga\u00e7\u00e3o de poss\u00edveis irregularidades em conex\u00e3o com o servi\u00e7o.<\/p>\n<p class=\"elementor-element elementor-element-6eff263a elementor-widget elementor-widget-text-editor\" data-id=\"6eff263a\" data-element_type=\"widget\" data-widget_type=\"text-editor.default\"><br \/><strong>Seguran\u00e7a das informa\u00e7\u00f5es<br \/><\/strong>A seguran\u00e7a das suas informa\u00e7\u00f5es pessoais \u00e9 importante para n\u00f3s. Implementamos medidas t\u00e9cnicas e organizacionais adequadas para proteger suas informa\u00e7\u00f5es pessoais contra acesso, uso ou divulga\u00e7\u00e3o n\u00e3o autorizados. No entanto, lembre-se de que nenhum m\u00e9todo de transmiss\u00e3o pela Internet ou m\u00e9todo de armazenamento eletr\u00f4nico \u00e9 100% seguro.<\/p>\n<p class=\"elementor-element elementor-element-6eff263a elementor-widget elementor-widget-text-editor\" data-id=\"6eff263a\" data-element_type=\"widget\" data-widget_type=\"text-editor.default\"><br \/><strong>Reten\u00e7\u00e3o de dados<\/strong><br \/>Reteremos suas informa\u00e7\u00f5es pessoais apenas pelo tempo necess\u00e1rio para cumprir as finalidades para as quais foram coletadas, inclusive para atender a quaisquer requisitos legais ou de relat\u00f3rios.<\/p>\n<p class=\"elementor-element elementor-element-6eff263a elementor-widget elementor-widget-text-editor\" data-id=\"6eff263a\" data-element_type=\"widget\" data-widget_type=\"text-editor.default\"><br \/><strong>Direitos<\/strong><br \/>Tem o direito de acessar, corrigir, atualizar ou solicitar a exclus\u00e3o de suas informa\u00e7\u00f5es pessoais. Voc\u00ea pode exercer esses direitos entrando em contato conosco atrav\u00e9s dos detalhes de contato fornecidos abaixo.<\/p>\n<p class=\"elementor-element elementor-element-6eff263a elementor-widget elementor-widget-text-editor\" data-id=\"6eff263a\" data-element_type=\"widget\" data-widget_type=\"text-editor.default\"><br \/><strong>Altera\u00e7\u00f5es na pol\u00edtica de privacidade<\/strong><br \/>Podemos atualizar nossa Pol\u00edtica de Privacidade de tempos em tempos. Notificaremos sobre quaisquer mudan\u00e7as publicando a nova Pol\u00edtica de Privacidade nesta p\u00e1gina. Recomendamos que reveja esta Pol\u00edtica de Privacidade periodicamente para quaisquer mudan\u00e7as.<\/p>\n<p class=\"elementor-element elementor-element-6eff263a elementor-widget elementor-widget-text-editor\" data-id=\"6eff263a\" data-element_type=\"widget\" data-widget_type=\"text-editor.default\"><br \/><strong>Contacto<\/strong><br \/>Se tiver alguma d\u00favida sobre esta Pol\u00edtica de Privacidade, entre em contato connosco:<\/p>\n<div class=\"elementor-element elementor-element-6eff263a elementor-widget elementor-widget-text-editor\" data-id=\"6eff263a\" data-element_type=\"widget\" data-widget_type=\"text-editor.default\"><strong>E-mail:<\/strong> geral@malt.pt<br \/><strong>Telefone:<\/strong> +351 255 310 537<br \/><strong>Morada:<\/strong> Rua Padre Jos\u00e9 Peixoto Dias 793,<br \/>460-285 Margaride, Felgueiras, Portugal<\/div>\n<\/div>\n<\/div>\n\n<p>\u00a0<\/p>\t\t\t\t\t\t\t\t<\/div>\n\t\t\t\t\t<\/div>\n\t\t\t\t<\/div>\n\t\t<div class=\"elementor-element elementor-element-60e0f59e e-flex e-con-boxed e-con e-parent\" data-id=\"60e0f59e\" data-element_type=\"container\" data-e-type=\"container\">\n\t\t\t\t\t<div class=\"e-con-inner\">\n\t\t\t\t<div class=\"elementor-element elementor-element-57c34ef0 elementor-widget elementor-widget-text-editor\" data-id=\"57c34ef0\" data-element_type=\"widget\" data-e-type=\"widget\" data-widget_type=\"text-editor.default\">\n\t\t\t\t\t\t\t\t\t<p><a href=\"https:\/\/malt.pt\/?page_id=3\"><span style=\"text-decoration: underline;\">Pol\u00edtica de Privacidade<\/span><\/a><\/p>\n<p><span style=\"text-decoration: underline;\"><a href=\"https:\/\/malt.pt\/?page_id=99\">Pol\u00edtica de Cookies<\/a><br><\/span><\/p>\n<p>MALT | 2026 Todos os direitos reservados<\/p>\n<p><\/p>\n<p><span style=\"text-decoration: underline;\">&nbsp;<\/span><\/p>\t\t\t\t\t\t\t\t<\/div>\n\t\t\t\t\t<\/div>\n\t\t\t\t<\/div>\n\t\t\t\t<\/div>\n\t\t","protected":false},"excerpt":{"rendered":"<p>POL\u00cdTICA DE PRIVACIDADE A MALT assume o compromisso de garantir a prote\u00e7\u00e3o de todos os dados pessoais que lhe sejam disponibilizados. Neste sentido, foram adotadas diversas medidas de seguran\u00e7a, de car\u00e1cter t\u00e9cnico e organizativo, de forma a proteger os dados pessoais que nos s\u00e3o disponibilizados, contra qualquer forma de tratamento il\u00edcito. Caso n\u00e3o concorde com [&hellip;]<\/p>\n","protected":false},"author":1,"featured_media":0,"parent":0,"menu_order":0,"comment_status":"closed","ping_status":"closed","template":"","meta":{"footnotes":""},"class_list":["post-3","page","type-page","status-publish","hentry"],"_links":{"self":[{"href":"https:\/\/malt.pt\/index.php?rest_route=\/wp\/v2\/pages\/3","targetHints":{"allow":["GET"]}}],"collection":[{"href":"https:\/\/malt.pt\/index.php?rest_route=\/wp\/v2\/pages"}],"about":[{"href":"https:\/\/malt.pt\/index.php?rest_route=\/wp\/v2\/types\/page"}],"author":[{"embeddable":true,"href":"https:\/\/malt.pt\/index.php?rest_route=\/wp\/v2\/users\/1"}],"replies":[{"embeddable":true,"href":"https:\/\/malt.pt\/index.php?rest_route=%2Fwp%2Fv2%2Fcomments&post=3"}],"version-history":[{"count":18,"href":"https:\/\/malt.pt\/index.php?rest_route=\/wp\/v2\/pages\/3\/revisions"}],"predecessor-version":[{"id":153,"href":"https:\/\/malt.pt\/index.php?rest_route=\/wp\/v2\/pages\/3\/revisions\/153"}],"wp:attachment":[{"href":"https:\/\/malt.pt\/index.php?rest_route=%2Fwp%2Fv2%2Fmedia&parent=3"}],"curies":[{"name":"wp","href":"https:\/\/api.w.org\/{rel}","templated":true}]}}